{"id":15,"date":"2024-01-16T07:26:39","date_gmt":"2024-01-16T07:26:39","guid":{"rendered":"https:\/\/quartierverein-sbe.ch\/?page_id=15"},"modified":"2026-01-04T10:33:28","modified_gmt":"2026-01-04T10:33:28","slug":"startseite","status":"publish","type":"page","link":"https:\/\/quartierverein-sbe.ch\/","title":{"rendered":"News \/ Aktuelles"},"content":{"rendered":"\n<h2 class=\"wp-block-heading\"><strong>Neujahrs-Ap\u00e9ro 9. Januar 2026 ab 17.30 Uhr<\/strong><\/h2>\n\n\n\n<p>vor dem Restaurant Landhaus TAI CHI und in der Garage der Fahrschule Widmer an der Stockenerstrasse 23.<br>Wir servieren  Gl\u00fchwein und Punsch. Zudem gibt es asiatische Snacks vom Restaurant Landhaus TAI CHI.<\/p>\n\n\n\n<h2 class=\"wp-block-heading\"><strong>Mitgliederversammlung<\/strong><\/h2>\n\n\n\n<p>Mittwoch 6. Mai 2026, 19.30 Uhr Sattelbogen<\/p>\n\n\n\n<p>Einladung folgt<\/p>\n\n\n\n<h2 class=\"wp-block-heading\">Resultat der Umfrage<\/h2>\n\n\n\n<p><\/p>\n\n\n\n<p><a href=\"https:\/\/quartierverein-sbe.ch\/wp-content\/uploads\/2024\/02\/Aufhebung-Fussgaengerueberquerungshilfe.pdf\" target=\"_blank\" rel=\"noreferrer noopener\">Aufhebung Fussg\u00e4nger\u00fcberquerungshilfe<\/a><\/p>\n\n\n\n<p><a href=\"https:\/\/quartierverein-sbe.ch\/wp-content\/uploads\/2024\/02\/Abstimmung-im-Quartier-Stocken-Breite-2023.pdf\" target=\"_blank\" rel=\"noreferrer noopener\">Resultat der Abstimmung im Quartier Stocken-Breite<\/a><\/p>\n\n\n\n<p><\/p>\n\n\n\n<p><strong>Abstimmung \u00fcber die Entfernung der Strassenverengungs-Insel vor der Kreuzung Stockenerstrasse und Rietwiesstrasse, ihre Stimme ist gefragt!<br><br><\/strong>Liebe Quartierbewohnende<br>Der Vorstand des Quartiervereins wurde an der letzten Jahresversammlung angesprochen, wieso die Stadt die zweite Strassenverengung wieder montiert hat, die eine l\u00e4ngere Zeit wegen Strassenarbeiten entfernt wurde. Auf Anfrage bei der Stadtverwaltung verwies diese auf die vor Jahren durchgef\u00fchrte Umfrage im Quartier.<br>Der Vorstand und einige AnwohnerInnen der Stockenerstrasse m\u00f6chten diese Strassenverengung entfernen lassen. Es ist gef\u00e4hrlich f\u00fcr die Ausfahrt aus der Tiefgarage der Stockenerstrasse 11 \u2013 15. Durch die zwei Strassenverengungen hintereinander gibt es Autofahrende, die auf der linken Strassenseite bleiben. Auch wird vor der Verengung beschleunigt, dass man das Hindernis noch vor dem Gegenverkehr umfahren kann.<br>Aus unserer Sicht gen\u00fcgt eine Strassenverengung, damit der Verkehr nicht zu schnell auf der Quartierstrasse unterwegs ist.<br>Aus diesem Grund m\u00f6chten wir eine erneute Umfrage lancieren, um den Willen der Bewohnerinnen und Bewohner abzuholen. Bitte beteiligen Sie sich an der Umfrage, ihre Meinung ist uns wichtig, danke.<\/p>\n\n\n\n<p>Das Formular kann zur Zeit noch nicht hochgeladen werden. M\u00f6chten Sie es per Mail, dann schreiben Sie an: <a href=\"mailto:mjruegger@sunrise.ch\">mjruegger@sunrise.ch<\/a><\/p>\n\n\n\n<p><\/p>\n\n\n\n<p><\/p>\n\n\n\n<p><\/p>\n","protected":false},"excerpt":{"rendered":"<p>Neujahrs-Ap\u00e9ro 9. Januar 2026 ab 17.30 Uhr vor dem Restaurant Landhaus TAI CHI und in der Garage der Fahrschule Widmer an der Stockenerstrasse 23.Wir servieren Gl\u00fchwein und Punsch. Zudem gibt es asiatische Snacks vom Restaurant Landhaus TAI CHI. Mitgliederversammlung Mittwoch 6. Mai 2026, 19.30 Uhr Sattelbogen Einladung folgt Resultat der Umfrage Aufhebung Fussg\u00e4nger\u00fcberquerungshilfe Resultat der &hellip; <\/p>\n<p class=\"link-more\"><a href=\"https:\/\/quartierverein-sbe.ch\/\" class=\"more-link\"><span class=\"screen-reader-text\">\u201eNews \/ Aktuelles\u201c<\/span> weiterlesen<\/a><\/p>\n","protected":false},"author":1,"featured_media":0,"parent":0,"menu_order":0,"comment_status":"closed","ping_status":"closed","template":"","meta":{"ngg_post_thumbnail":0,"footnotes":""},"class_list":["post-15","page","type-page","status-publish","hentry"],"_links":{"self":[{"href":"https:\/\/quartierverein-sbe.ch\/index.php\/wp-json\/wp\/v2\/pages\/15","targetHints":{"allow":["GET"]}}],"collection":[{"href":"https:\/\/quartierverein-sbe.ch\/index.php\/wp-json\/wp\/v2\/pages"}],"about":[{"href":"https:\/\/quartierverein-sbe.ch\/index.php\/wp-json\/wp\/v2\/types\/page"}],"author":[{"embeddable":true,"href":"https:\/\/quartierverein-sbe.ch\/index.php\/wp-json\/wp\/v2\/users\/1"}],"replies":[{"embeddable":true,"href":"https:\/\/quartierverein-sbe.ch\/index.php\/wp-json\/wp\/v2\/comments?post=15"}],"version-history":[{"count":18,"href":"https:\/\/quartierverein-sbe.ch\/index.php\/wp-json\/wp\/v2\/pages\/15\/revisions"}],"predecessor-version":[{"id":319,"href":"https:\/\/quartierverein-sbe.ch\/index.php\/wp-json\/wp\/v2\/pages\/15\/revisions\/319"}],"wp:attachment":[{"href":"https:\/\/quartierverein-sbe.ch\/index.php\/wp-json\/wp\/v2\/media?parent=15"}],"curies":[{"name":"wp","href":"https:\/\/api.w.org\/{rel}","templated":true}]}}